
-311343
-1111001122 (base 3) to base 10
-29204
-23a (base 15) to base 10
-505
What is -31d4 (base 14) in base 2?
-10000110100110
100000101010011 (base 2) to base 12
9817
-a98 (base 12) to base 11
-1195
-15554 (base 8) to base 6
-52300
What is -863 (base 13) in base 15?
-658
Convert -1000111101010011 (base 2) to base 9.
-55287
292 (base 13) to base 3
121221
Convert 222122 (base 4) to base 3.
10201112
-1038 (base 9) to base 5
-11024
217 (base 10) to base 6
1001
What is -211e (base 15) in base 2?
-1101101011100
Convert 46036 (base 7) to base 12.
6921
Convert -1222 (base 5) to base 2.
-10111011
43030 (base 5) to base 9
3861
What is 351 (base 14) in base 12?
46b
Convert -1236 (base 9) to base 6.
-4140
-4a1 (base 14) to base 4
-32131
Convert 1312033 (base 5) to base 9.
38460
What is 42050 (base 8) in base 14?
6504
What is -67765 (base 8) in base 2?
-110111111110101
Convert 2323 (base 6) to base 10.
555
Convert 3797 (base 12) to base 2.
1100010100011
What is -100000000 (base 2) in base 14?
-144
Convert -19aa0 (base 11) to base 13.
-c943
Convert -221211 (base 3) to base 10.
-697
-12013 (base 9) to base 2
-1111101011111
-3665 (base 7) to base 8
-2532
What is 9836 (base 12) in base 3?
211222020
Convert 13957 (base 10) to base 16.
3685
Convert 1593 (base 14) to base 10.
3853
5332 (base 13) to base 8
26415
Convert -4460 (base 7) to base 2.
-11001001010
Convert 470 (base 8) to base 7.
624
What is -41 (base 8) in base 3?
-1020
8262 (base 14) to base 12
10b92
What is -a9ad (base 15) in base 3?
-1211022001
What is 5b29 (base 15) in base 13?
8a96
Convert -78c3 (base 16) to base 4.
-13203003
Convert 3124 (base 6) to base 8.
1274
Convert 314021 (base 5) to base 6.
120355
Convert 6f78 (base 16) to base 9.
43126
What is 2341 (base 9) in base 7?
5032
What is 1330111 (base 5) in base 12?
136a2
Convert 132222 (base 4) to base 10.
1962
Convert 275 (base 11) to base 10.
324
-534b (base 14) to base 13
-670a
Convert -11011110110 (base 2) to base 11.
-1380
-10745 (base 10) to base 3
-112201222
What is 4181 (base 13) in base 10?
9062
Convert 1a0b5 (base 12) to base 14.
dc93
Convert 13261 (base 7) to base 4.
313303
What is 2827 (base 13) in base 4?
1122103
-259 (base 12) to base 3
-111020
196 (base 13) to base 8
444
Convert 522 (base 16) to base 2.
10100100010
What is 10024134 (base 5) in base 9?
131558
1651 (base 12) to base 15
bbd
Convert -21 (base 4) to base 11.
-9
What is 10101100010000 (base 2) in base 3?
120010022
-124001 (base 6) to base 12
-6601
Convert -1000000100001101 (base 2) to base 6.
-412541
674 (base 9) to base 8
1051
What is 53034 (base 9) in base 15?
a59d
What is 122110211 (base 3) in base 10?
12739
-3750 (base 8) to base 12
-1208
-11610 (base 8) to base 14
-1b72
What is 40a79 (base 11) in base 10?
59860
Convert -12020010 (base 4) to base 10.
-25092
Convert -1012332 (base 5) to base 9.
-24675
ea8 (base 16) to base 6
25212
What is 2222222 (base 3) in base 4?
202022
Convert -522355 (base 6) to base 3.
-2010200022
-51573 (base 8) to base 12
-1044b
What is 32a7 (base 12) in base 7?
22216
3926 (base 14) to base 9
14674
10101010100010 (base 2) to base 5
322124
What is -62e (base 15) in base 9?
-1818
What is 399 (base 15) in base 5?
11234
-12025 (base 7) to base 6
-22214
What is 110 (base 6) in base 9?
46
Convert -2100123 (base 4) to base 16.
-241b
Convert -10101010100010 (base 2) to base 16.
-2aa2
-388 (base 13) to base 10
-619
-4632 (base 7) to base 14
-889
-17644 (base 11) to base 4
-12002130
-11103 (base 6) to base 5
-22201
-1123 (base 6) to base 9
-326
4507 (base 13) to base 15
2cca
What is -2212123 (base 4) in base 13?
-4b04
What is 100100000010010 (base 2) in base 5?
1042300
Convert -1001100 (base 2) to base 6.
-204
b006 (base 13) to base 6
303525
2071 (base 8) to base 16
439
Convert -1010121 (base 3) to base 9.
-1117
What is 3435 (base 10) in base 8?
6553
What is 131244 (base 7) in base 16?
5fa3
What is -3c6 (base 14) in base 3?
-1001020
Convert -196d1 (base 14) to base 11.
-44490
Convert -10020120200 (base 3) to base 14.
-193a6
-47735 (base 9) to base 10
-31946
What is 206 (base 7) in base 16?
68
-164 (base 16) to base 11
-2a4
What is -3080 (base 11) in base 2?
-111111110001
What is 105614 (base 7) in base 6?
223055
What is 6979 (base 10) in base 6?
52151
What is 4055 (base 6) in base 7?
2423
What is 8375 (base 9) in base 7?
23624
What is 3042 (base 5) in base 14?
205
What is -b61 (base 15) in base 6?
-15514
Convert 1000020 (base 3) to base 15.
340
What is -230400 (base 5) in base 13?
-3989
-166 (base 7) to base 4
-1201
What is -111000000110000 (base 2) in base 14?
-a676
-10000100010010 (base 2) to base 15
-2796
11100000010111 (base 2) to base 3
201200211
Convert -1528 (base 10) to base 6.
-11024
What is -4 (base 6) in base 12?
-4
Convert a958 (base 11) to base 4.
3201332
Convert 23274 (base 8) to base 9.
14537
What is -1186 (base 10) in base 9?
-1557
What is 2110003 (base 4) in base 3?
110222221
Convert 101003 (base 4) to base 12.
76b
202 (base 16) to base 13
307
-14288 (base 9) to base 4
-2113313
Convert -21421 (base 5) to base 4.
-113032
What is 1a939 (base 12) in base 10?
39357
11200222 (base 3) to base 8
6544
1298b (base 14) to base 16
b2df
What is 259 (base 12) in base 8?
545
What is b23 (base 12) in base 6?
11243
a30 (base 11) to base 5
14433
What is -421 (base 6) in base 2?
-10011101
-22984 (base 12) to base 11
-31893
-24539 (base 12) to base 3
-2111102100
370 (base 14) to base 3
221102
Convert -241404 (base 5) to base 15.
-29d9
Convert 111000110 (base 2) to base 6.
2034
What is -8aa (base 12) in base 11?
-a66
What is -1c12 (base 13) in base 6?
-31344
Convert -7b61 (base 13) to base 14.
-644d
What is -4182 (base 10) in base 5?
-113212
Convert 3879 (base 12) to base 10.
6429
Convert 10101001100011 (base 2) to base 11.
8175
Convert 1764 (base 16) to base 3.
22012210
210 (base 7) to base 8
151
What is -4525 (base 9) in base 14?
-130c
What is -5754 (base 10) in base 7?
-22530
Convert -4032 (base 6) to base 5.
-12014
What is -1133031 (base 4) in base 8?
-13715
Convert -5661 (base 7) to base 15.
-91c
Convert -111011111010101 (base 2) to base 13.
-10c6a
Convert 1022110021 (base 3) to base 12.
12b5a
1c6 (base 16) to base 9
554
-1110100110000110 (base 2) to base 9
-101004
What is 1395 (base 12) in base 8?
4341
What is -3203 (base 14) in base 13?
-3c08
-33141 (base 6) to base 13
-2128
What is 3b7 (base 12) in base 8?
1073
What is -30256 (base 11) in base 16?
-acc2
What is -231310 (base 4) in base 8?
-5564
Convert -11a0 (base 11) to base 7.
-4361
Convert 224 (base 6) to base 14.
64
What is 11000000110 (base 2) in base 14?
7c2
-bb (base 13) to base 5
-1104
What is 1220 (base 3) in base 11?
47
Convert -301103 (base 5) to base 11.
-7182
611 (base 16) to base 5
22203
What is -c0 (base 16) in base 5?
-1232
-9abb (base 12) to base 3
-212111122
What is 7e (base 16) in base 11?
105
Convert 3287 (base 9) to base 2.
100101111100
What is -2270 (base 9) in base 15?
-773
What is -58a (base 13) in base 15?
-43e
What is 3213032 (base 4) in base 13?
6974
What is -1010012221 (base 3) in base 16?
-560e
What is -2763 (base 14) in base 10?
-6947
What is -11288 (base 11) in base 9?
-24332
What is 9b05 (base 12) in base 4?
10023311
What is 4151 (base 12) in base 5?
211432
What is -1131 (base 8) in base 6?
-2441
Convert 132 (base 7) to base 6.
200
Convert -110500 (base 6) to base 14.
-352c
What is -2653 (base 14) in base 7?
-25433
121012200 (base 3) to base 2
10111000101001
-1012021001 (base 3) to base 2
-101101111011110
Convert -c60 (base 13) to base 8.
-4072
Convert 7aa (base 14) to base 5.
22042
-722 (base 14) to base 8
-2572
What is -22320 (base 10) in base 6?
-251200
466 (base 8) to base 4
10312
What is 59b6 (base 12) in base 16?
275a
2de (base 16) to base 2
1011011110
What is -706 (base 13) in base 12?
-831
-910 (base 16) to base 8
-4420
Convert -200422 (base 5) to base 15.
-1d42
1134 (base 7) to base 14
21b
-12a6 (base 13) to base 2
-101001101111
What is 21a42 (base 11) in base 13?
11676
Convert -35a4 (base 16) to base 5.
-414412
1022001 (base 4) to base 15
160c
What is 100111 (base 2) in base 7?
54
What is 14302 (base 13) in base 5?
2202413
What is 10432 (base 6) in base 4?
112310
-ca8 (base 14) to base 3
-10102121
What is -2002143 (base 5) in base 9?
-47243
-23757 